00
Let p(s) = -13090*s - 405784. What is p(-31)?
6
Let m(w) = w**2 - 6015*w + 3373510. Determine m(626).
-4
Let o(r) = 109*r - 79453. What is o(729)?
8
Let z(q) = 182*q + 13960. Calculate z(-76).
128
Let h(a) = -a**2 + 22050*a + 264751. What is h(-12)?
7
Let y(g) = -g**2 + 22*g + 1610. Calculate y(52).
50
Let h(p) = 11*p**2 + 1005*p + 267. Determine h(-91).
-97
Let r(n) = -n**2 - 313*n + 11787. Determine r(34).
-11
Let t(b) = b**3 + 788*b**2 + 5467*b - 8. Determine t(-7).
-8
Let k(r) = -2*r**2 + 457*r - 11132. Determine k(26).
-602
Let w(t) = 1083*t - 7446. Calculate w(7).
135
Let y(s) = 21*s**2 - 1858*s + 874. Determine y(88).
-6
Let o(d) = 2571*d + 30699. What is o(-12)?
-153
Let i(u) = 1593*u**2 - 7914*u + 34. What is i(5)?
289
Let b(f) = 9769*f + 390753. Determine b(-40).
-7
Let j(l) = -418*l**2 - 578*l - 577. What is j(-1)?
-417
Let b(c) = 2*c**3 - 47*c**2 - 150*c - 301. Determine b(27).
752
Let l(h) = -4*h**3 + 143*h**2 - 38*h - 484. Give l(35).
1861
Let k(c) = 2110*c**2 - 8442*c + 26. Determine k(4).
18
Let a(d) = d**3 + 27*d**2 + 40*d + 1889. What is a(-28)?
-15
Let s(o) = -o**3 - 172*o**2 + 3403*o - 3446. Give s(-190).
-216
Let c(m) = -m**3 + 19*m**2 - 138*m + 413. Give c(9).
-19
Let c(m) = m**3 + 28*m**2 + 380*m + 10680. What is c(-28)?
40
Let y(p) = 6716*p + 20360. What is y(-3)?
212
Let f(d) = -55217*d + 6349948. Give f(115).
-7
Let i(x) = 2756*x - 5605. Determine i(2).
-93
Let m(p) = 2*p**3 + 166*p**2 + 120*p - 703. Calculate m(-82).
2905
Let m(s) = -s**3 + 181*s**2 - 6709*s + 33. Calculate m(52).
-19
Let v(m) = 70*m**2 + 4311*m - 12931. What is v(3)?
632
Let u(g) = 28*g**2 + 1098*g + 136. Calculate u(-39).
-98
Let r(f) = f**3 - 137*f**2 + 131*f + 733. Give r(136).
53
Let w(f) = -2649*f - 119308. Give w(-45).
-103
Let t(z) = -z**3 - 6*z**2 + 43*z + 53. Determine t(-12).
401
Let d(i) = -33*i**2 + 1518*i - 3068. Determine d(2).
-164
Let j(r) = -3586*r - 25169. Calculate j(-7).
-67
Let d(z) = z**3 + 156*z**2 - 2792*z - 2259. Determine d(-172).
4621
Let f(i) = 2*i**3 + 144*i**2 - 101*i - 329. Calculate f(-73).
-3614
Let b(y) = -y**3 + 37*y**2 + 164*y - 586. What is b(-6)?
-22
Let g(c) = 11*c**3 - 84*c**2 - 173*c + 1133. What is g(8)?
5
Let r(w) = 3*w**2 - 386*w - 12965. Give r(156).
-173
Let d(s) = -3185*s - 207025. What is d(-65)?
0
Let u(t) = 14284*t + 142834. Calculate u(-10).
-6
Let w(i) = -i**2 - 82*i + 5360. Determine w(-125).
-15
Let p(w) = 55199*w - 165605. What is p(3)?
-8
Let m(t) = 8983*t + 1051096. Determine m(-117).
85
Let a(v) = 486*v - 6489. Calculate a(13).
-171
Let z(b) = b**2 + 96*b - 904. What is z(8)?
-72
Let u(k) = 880*k - 301858. Give u(343).
-18
Let h(k) = 13162*k - 92396. Calculate h(7).
-262
Let h(m) = -13*m**2 + 8580*m + 31. Give h(660).
31
Let l(i) = i**3 - 29*i**2 - 815*i + 1520. Give l(46).
2
Let l(m) = 4*m**2 + 344*m - 53138. Calculate l(80).
-18
Let b(r) = 20*r**2 - 650*r - 566. Determine b(38).
3614
Let f(w) = 13285*w + 39777. Give f(-3).
-78
Let h(b) = 361*b**2 - 54868*b - 520. What is h(152)?
88
Let k(a) = -a**3 + 166*a**2 - 333*a + 418. Determine k(164).
-402
Let s(i) = 20*i**2 + 862*i + 5111. What is s(-36)?
-1
Let t(l) = -3080114*l + 30801141. What is t(10)?
1
Let k(c) = -3*c**3 - 64*c**2 - 9*c + 693. Calculate k(-21).
441
Let z(w) = 2*w**3 + 39*w**2 + 4606*w + 87151. Determine z(-19).
-2
Let v(r) = r**2 - 6315*r - 1076004. Give v(-166).
-158
Let l(b) = -4352*b - 2241325. What is l(-515)?
-45
Let w(a) = -a**2 - a + 502. What is w(20)?
82
Let t(h) = -2*h**2 + 446*h + 27022. Determine t(284).
-7626
Let m(b) = -462*b + 78056. Calculate m(168).
440
Let s(f) = -f**3 + 168*f**2 - 6736*f - 2071. Determine s(67).
6
Let f(m) = -1118*m - 62584. Give f(-56).
24
Let n(r) = 6*r**3 + 197*r**2 + 43*r + 1059. Determine n(-34).
-8495
Let z(p) = 2*p**3 - 210*p**2 + 5580*p - 3546. Calculate z(52).
-10
Let r(q) = 2249323*q + 8997306. Give r(-4).
14
Let f(y) = 921*y - 70890. Give f(77).
27
Let g(o) = -20*o**3 - 13*o**2 - 22*o - 35. Determine g(-5).
2250
Let r(h) = -32044*h - 993366. Calculate r(-31).
-2
Let z(b) = -630*b - 185904. Determine z(-295).
-54
Let r(w) = 100*w**2 - 43*w + 119. Give r(3).
890
Let f(j) = 2880*j + 14295. Calculate f(-5).
-105
Let t(y) = 24*y**2 + 5914*y + 2448. What is t(-246)?
-12
Let b(j) = 3836*j - 65279. Calculate b(17).
-67
Let n(p) = -16*p**2 - 206*p + 1699. Calculate n(-21).
-1031
Let b(f) = 937*f + 3. Calculate b(1).
940
Let x(m) = 17*m**3 + 594*m**2 - 2773*m - 95825. Give x(-35).
5
Let l(y) = -16*y**3 + 122*y**2 + 54*y - 295. What is l(9)?
-1591
Let r(f) = -3*f**3 - 58*f**2 - 23*f - 175. Calculate r(-19).
-99
Let b(i) = 96*i**2 + 8164*i + 182. Give b(-85).
-158
Let p(o) = 3*o**3 - 16*o**2 + 89*o + 30. Give p(5).
450
Let z(u) = u**2 + 495*u + 16898. Give z(-37).
-48
Let k(s) = -s**3 - 15*s**2 - 38*s - 326. Determine k(-14).
10
Let k(g) = -g**2 + 17058*g + 392856. Calculate k(-23).
-7
Let m(h) = -149763*h + 4942181. Calculate m(33).
2
Let h(z) = z**2 - 8686*z - 39. Give h(0).
-39
Let f(n) = -n**3 + 47*n**2 - 407*n + 17690. Determine f(47).
-1439
Let v(l) = -l**3 + 8*l**2 - 8*l - 13. Calculate v(9).
-166
Let k(h) = 261*h - 60273. Determine k(233).
540
Let r(x) = -62*x**2 - 65*x + 144. Calculate r(2).
-234
Let z(j) = 8452*j + 16950. Give z(-2).
46
Let d(z) = 3*z**3 + 345*z**2 + 1956*z - 652. Determine d(-109).
2
Let f(a) = 18789*a - 920654. Calculate f(49).
7
Let c(s) = -99*s**2 - 38*s - 163. Calculate c(-4).
-1595
Let n(u) = -43*u**2 + 191*u + 1120. Determine n(-6).
-1574
Let t(p) = -p**3 + 102*p**2 + 2745*p + 1. What is t(-22)?
-373
Let h(y) = y**3 + 4242*y**2 + 38092*y - 26. Determine h(-9).
19
Let z(p) = -6*p**2 + 187*p - 1382. Determine z(9).
-185
Let t(w) = 5*w**3 + 16*w**2 - 635*w + 619. What is t(1)?
5
Let t(a) = 60*a**3 - 4*a**2 + 92*a + 95. Determine t(-1).
-61
Let p(c) = c**3 - 4*c**2 + 1053*c + 4309. What is p(-4)?
-31
Let b(g) = 5*g**3 + 611*g**2 + 134*g + 1656. Calculate b(-122).
192
Let d(n) = -6230*n + 2074601. What is d(333)?
11
Let x(s) = -s**2 + 8371*s + 993110. Calculate x(-117).
14
Let a(r) = -r**3 + 97*r**2 - 333*r - 3612. What is a(93)?
15
Let z(o) = -507*o + 19720. Give z(39).
-53
Let f(t) = t**2 - 31421*t - 94271. What is f(-3)?
1
Let f(u) = 20945*u - 62847. Determine f(3).
-12
Let p(b) = -b**3 - 101*b**2 + 720*b - 3898. Determine p(-108).
-10
Let o(n) = -18749*n - 74849. Determine o(-4).
147
Let o(i) = -i**3 + 144*i**2 - 664*i + 407. Calculate o(4).
-9
Let o(d) = 4054*d - 794898. What is o(196)?
-314
Let v(g) = 81*g**3 + 650*g**2 + 73*g + 464. Calculate v(-8).
8
Let p(z) = z**3 + 575*z**2 + 1737*z + 1668096. What is p(-577)?
-11
Let c(p) = 62*p**2 + 4326*p + 3799. Give c(-69).
487
Let a(p) = -1566*p + 35915. Determine a(22).
1463
Let s(m) = -5*m**3 + 7*m**2 + 32*m + 51. What is s(-3)?
153
Let c(u) = -2231*u + 241972. Calculate c(109).
-1207
Let h(u) = -796*u**2 - 16*u + 9. Give h(1).
-803
Let j(b) = 165*b - 34936. Calculate j(200).
-1936
Let u(o) = 8*o**2 - 170*o + 888. What is u(5)?
238
Let o(a) = 3332*a - 1352740. Determine o(406).
52
Let d(y) = y**2 - 110*y + 527. What is d(15)?
-898
Let w(i) = 2*i**2 + 6*i + 99. Determine w(-19).
707
Let x(i) = -3*i**2 + 81*i - 640. Calculate x(0).
-640
Let q(j) = 147*j**3 + 42*j**2 - 80*j - 3. Calculate q(2).
1181
Let k(r) = -94*r**2 - 1525*r + 3000. Determine k(-18).
-6
Let i(b) = 4*b**2 + 345*b - 19974. Determine i(-126).
60
Let t(a) = a**3 - 39*a**2 - 45*a + 365. Give t(40).
165
Let t(b) = 9*b**2 - 934*b + 648. Determine t(103).
-73
Let a(z) = -7*z**2 - 420*z - 4170. Give a(-49).
-397
Let s(t) = -42466*t + 636987. What is s(15)?
-3
Let j(l) = l**2 - 3081*l - 18573. Give j(-6).
-51
Let h(y) = -24*y**2 + 6968*y + 4649. Calculate h(291).
-7
Let g(r) = 1904*r + 990200. Determine g(-520).
120
Let j(y) = 78*y**2 - 1144*y - 381. What is j(15)?
9
Let t(r) = -11718*r - 3199025. Determine t(-273).
-11
Let g(k) = -98*k + 9205. What is g(80)?
1365
Let y(w) = 116*w**2 - 8843*w + 2035. Determine y(76).
-17
Let a(n) = 844*n - 277661. Determine a(329).
15
Let u(h) = -1451*h - 3877. Calculate u(-3).
476
Let v(g) = -11705*g + 2762381. What is v(236)?
1
Let x(q) = 2*q**3 - 12*q**2 - 948*q + 4777. Give x(5).
-13
Let n(k) = -405*k**2 + 418*k - 7. Calculate n(1).
6
Let w(s) = 714*s + 18780. Determine w(-26).
216
Let t(s) = -s**3 + 15*s**2 -